x*f. Let l = 648 + b. Is l prime?
False
Let x = 152987 + -92910. Is x a composite number?
False
Suppose -4*h + f = -393470, 44*h - 48*h + 4*f + 393452 = 0. Is h composite?
False
Suppose -207*g + 211*g = 32. Is 257 - (-2)/g*0 a composite number?
False
Let z(c) be the second derivative of c**5/10 - c**4/12 + c**3/6 + 7*c**2/2 + 3*c. Suppose 0*o - 4*o = 5*l + 1, -3 = 2*o + 3*l. Is z(o) prime?
True
Is (86/258)/((-2)/(-60546)) composite?
False
Is ((-2664)/(-48))/(3/23578) prime?
False
Suppose h = -4*h + 10. Suppose -3*i = -h*w - 0*i + 2103, 4*w = -3*i + 4233. Let d = -499 + w. Is d prime?
True
Let y = 232 - 237. Is 17/(4/(-1420)*y) a prime number?
False
Let x(c) = 2*c**2 + 4*c - 33. Let m be x(18). Let n = 1476 - m. Is n a prime number?
False
Let c = -477 + 492. Suppose -c*b + 33501 = -504. Is b composite?
False
Let d = -2265 + 241. Let t = d - -4231. Is t composite?
False
Let x = -151 + 154. Suppose -7280 = -5*u + 3*t, -u - 3*t = x*u - 5851. Is u a prime number?
True
Let o(d) = -22693*d + 653. Is o(-6) a prime number?
True
Suppose a = -12*y + 11*y + 4, 0 = -4*a + 4*y + 24. Suppose 2*g = -5*d + 447, 5*g = 4*g + a*d + 186. Is g a composite number?
False
Let g = 649 + -644. Let p be 3*971*6/2. Suppose -4*v + 6972 = 4*i, 0 = g*v - 0*i - i - p. Is v composite?
False
Suppose -3*s + s - 19 = -3*l, 2*s + 4 = 0. Let q(m) = 7*m**2 + 17*m - 33. Let p(b) = -13*b**2 - 33*b + 67. Let r(h) = l*q(h) + 2*p(h). Is r(-16) composite?
True
Let o(a) = -125350*a + 1843. Is o(-3) a prime number?
False
Let s(w) = -3*w**3 + 3*w**2 - 3 + 0*w + 14 + 2*w + 2*w**3. Let i be s(4). Suppose i*l = 3*t + 3828, -2*l - 4*t + 2527 = -t. Is l composite?
True
Let g(r) = r**3 - 21*r**2 + 21*r + 11. Suppose -5*a + 57 = -a + v, 5*a + v - 72 = 0. Let j be (80/6)/(10/a). Is g(j) composite?
False
Let p(k) = 72*k - 71. Suppose 62 = -5*y + 177. Is p(y) prime?
False
Let q(u) = 11790*u**2 + 43*u + 94. Is q(-5) a prime number?
True
Let z(o) = 1267*o**2 + 8*o - 7. Let n(u) = 2*u**2 + 16*u + 32. Let c be n(-3). Is z(c) a composite number?
False
Let l(j) = -j**2 - 18*j - 21. Let x(b) = -2*b**2 - 35*b - 41. Let s(h) = 9*l(h) - 4*x(h). Let w be s(-21). Is 269 + (-6 - w) + 0 composite?
True
Suppose 0 = -4*r - r + 25. Let t be (2/6)/(5/945). Suppose -n = w + 3*w - 51, 2*n - r*w = t. Is n composite?
True
Let c(h) = -73160*h - 1823. Is c(-2) prime?
True
Let h(y) be the third derivative of -7*y**8/192 + y**6/120 + y**5/120 - 11*y**4/12 + 14*y**2. Let x(u) be the second derivative of h(u). Is x(-2) prime?
True
Suppose -5*w + 62 = -3*b, -w - 5*b - 30 = -2*w. Let o = 1048 - 496. Suppose -w*j + o = -2*j. Is j a composite number?
True
Let l = 203 + -201. Suppose 20321 = -l*t + 9*t. Is t a prime number?
True
Suppose -4*k + 2*z + 1232 = 4*z, -616 = -2*k - 3*z. Suppose -2*y = -2*h + y + 650, 4*h = 2*y + 1300. Let a = h + k. Is a a composite number?
True
Suppose -v + 4*l = 1, l - 2*l - 1 = v. Let r(w) = 285*w**2 + 2*w - 8. Let o(m) = 285*m**2 + m - 6. Let y(d) = 4*o(d) - 3*r(d). Is y(v) a prime number?
False
Let v be 247/((-6)/(-42)*1). Suppose -v = 2*x - 13083. Is x a prime number?
False
Let i = 6421 - 28557. Let t = 32287 + i. Is t a prime number?
True
Suppose 43*p = 4452579 + 598737 - 397297. Is p prime?
True
Suppose -3*w + 8*w + v - 20 = 0, 0 = 5*w - 2*v - 20. Let d be (-16)/(8/4 - w). Suppose i - 14 = d. Is i composite?
True
Let l be (1060/5)/(((-3)/2)/(-3)). Suppose 15643 - l = 9*q. Is q composite?
True
Let f(g) = 6*g + 33. Let x be f(-3). Suppose 3*t + 19*z = x*z + 1347, -2*z - 898 = -2*t. Is t composite?
False
Let h be (2/(-4))/((-5)/(-32230)). Let w = h - -4862. Is w a composite number?
True
Suppose -4*m + 5*m + 2*y + 5486 = 0, -4*m = -2*y + 21914. Let c = -3574 - m. Is c prime?
False
Suppose -2*z = 12, 586*i - 588*i - 5*z = -1164208. Is i a composite number?
False
Let o be (2/(8/10))/(23/138). Suppose 4*c = -o*c + 28823. Is c composite?
True
Let t(i) = 5*i**3 - 21*i**2 - 32*i - 47. Is t(16) prime?
False
Let j = 32219 + -17712. Is j a prime number?
False
Suppose -5543977 = -3*r - 4*w, -20 = 7*w - 3*w. Is r prime?
True
Suppose -79561 = -25*q - 405836. Let k = -4970 - q. Is k prime?
True
Suppose 0*k - 9373 = -k + 4*n, 5*k + 2*n = 46975. Suppose -3*z + 4461 = 3*q - k, z = 2*q - 9245. Is q composite?
False
Is 50*15/75 + 137550 + 3 a prime number?
False
Let l = 59 - 53. Let k = 10 - l. Is 8463/5 + 0 + k/10 composite?
False
Let p(a) = -87*a**3 - 10*a**2 + 54*a + 305. Is p(-6) prime?
True
Let c(s) = 14*s + 106. Let v be c(-8). Let o(u) = -104*u**3 - 8*u**2 - 9*u + 11. Is o(v) a composite number?
True
Let t(l) = 352*l - 1187. Is t(10) composite?
False
Let f(w) = -17*w**3 + 4*w**2 + 103*w + 11. Is f(-7) composite?
True
Suppose 0 = 2*c - r - 1929280, r + 3459274 + 399280 = 4*c. Is c a prime number?
True
Is (-1 - 5)*((-1603251)/54 + -14) composite?
False
Let v(w) = 601*w**2 + 52*w + 1188. Is v(-23) a composite number?
False
Let r(d) = 231*d**2 + 4*d - 1. Let j(c) = -230*c**2 - 3*c. Let y(q) = -6*j(q) - 5*r(q). Let v be y(2). Suppose -8769 = -4*i - v. Is i prime?
False
Is (-7)/77 - (1 - (-7906149)/(-99)) prime?
False
Suppose 71*m = 53*m + 234. Let n(l) = 4*l**3 + 20*l**2 - 65*l + 28. Is n(m) composite?
False
Suppose -4*f + 2*r + 544378 + 665220 = 0, 4*r + 604802 = 2*f. Is f composite?
False
Suppose 6*s - 2*y = 3*s + 153466, -3*y = -4*s + 204622. Is s prime?
False
Suppose -3*r - 3*r = -6. Let y be (10 + -10)*r/4. Suppose -5*h + 5185 = 5*i, 0*i - 3*i + 2*h + 3131 = y. Is i composite?
True
Let k(z) = -2785*z + 898. Is k(-45) composite?
False
Let d(k) = -2976*k + 715. Is d(-23) a prime number?
True
Let n = 36247 + 36654. Is n composite?
False
Let q be 911/((3 - 0) + -2). Suppose 0 = -2*l + q + 597. Let m = l + -501. Is m a prime number?
False
Let p(g) = 5*g**2 - 2631 - 6*g**2 + g + 8075 + 2*g**2 - g**3. Let v be p(0). Suppose 0*h + v = 4*h. Is h a composite number?
False
Suppose 0 = 4*g - 5*r - 333253 - 194206, 4*g + r - 527441 = 0. Is g a prime number?
True
Let p(l) = -90*l**3 - 8*l**2 + 13*l + 144. Is p(-7) composite?
True
Let m = 211623 + -102434. Is m prime?
False
Suppose -2*v = 2*v + 4, 35392 = -4*y - 4*v. Let j = -5800 - y. Is j a composite number?
True
Let z(m) = 73*m**3 + m**2 + m - 10. Suppose 4*b - 7 = -5*n, 5*b + 2*n + 17 = 10*b. Is z(b) composite?
False
Let w(c) = 2*c + 10. Let s be w(-5). Suppose s = x - 0 + 1, -2*n - 2*x = 2. Suppose n = -3*g + 84 + 165. Is g composite?
False
Let z(m) = m**3 - 8*m**2 + 15*m - 15. Let u be z(6). Suppose u*t + t = 3*c - 27679, 9253 = c + 4*t. Is c a composite number?
True
Let i = 35 + -29. Suppose i*h - 11 = 1. Let w(a) = 3*a**3 + 5*a**2 - 1. Is w(h) a prime number?
True
Let i = 35 + -3. Let f(o) = o**3 - 18*o**2 + 69*o - 7. Is f(i) prime?
False
Suppose 34 = 7*m + 10*m. Suppose -4*z - 5521 = -m*a - 20407, 2*a = -3*z + 11147. Is z composite?
False
Suppose -r = 1481 + 2158. Let p = 5972 + r. Is p a composite number?
False
Let n(r) = r**3 - 29*r**2 + 33*r + 19. Let t be n(29). Suppose -48005 = 975*m - t*m. Is m composite?
True
Let n(g) = g**3 + 18*g**2 - 2*g - 31. Let q be n(-18). Suppose 15628 = q*j - j. Is j composite?
False
Is 10/6 + -2 - (32 + 203899564/(-102)) a prime number?
False
Let i(w) = -w**2 + 6*w. Let t(m) = -3*m**2 + 13*m - 1. Let y(j) = 5*i(j) - 2*t(j). Let o(k) = 10*k + 149. Let f be o(-17). Is y(f) a composite number?
False
Is 676079/4 + (-408)/(-96) + -5 prime?
True
Let n = 28281 - 19618. Is n a composite number?
False
Let k be ((-119)/(-4))/((-2)/(-8) - 0). Let t = k - 84. Is (-308)/(-10) + 7/t composite?
False
Suppose 2*o + 36097 = 3*c - 11522, -3*c = 4*o - 47583. Is c prime?
False
Suppose 5 - 81 = -2*i. Suppose -39*n + 14635 = -i*n. Is n composite?
True
Let p be 104977 - (2/7)/(2/28). Suppose -6*q + p = 3*u - 3*q, u - 35007 = -5*q. Is u prime?
False
Let p be (-421)/(-9) + 12/54. Let c(d) = p - 72 - 36*d - 72*d. Is c(-6) prime?
False
Suppose 16*k + 1961 = -807. Let c = k - -616. Is c a composite number?
False
Let b be 4155/4 + 13*(-13)/(-676). Suppose -5*c = -c. Suppose c*d = -d + b. Is d a prime number?
True
Let q(y) = -15*y + 27. Let d be q(-3). Suppose -65*s + d*s = 5257. Is s prime?
True
Let o be (-11)/((-5)/5) + 1. Let p be o/6*((-8)/(-2) - -1). Suppose 3*r - p*r = -10227. Is r prime?
False
Let a(o) = 19*o - 4. Let q be a(-2). Let c = -18 + 107. Let w